{"id":3447,"date":"2025-09-25T01:36:07","date_gmt":"2025-09-25T04:36:07","guid":{"rendered":"https:\/\/dedalos.ind.br\/designer\/fabio-lima\/"},"modified":"2025-09-25T01:36:07","modified_gmt":"2025-09-25T04:36:07","slug":"fabio-lima","status":"publish","type":"_designers_id","link":"https:\/\/dedalos.ind.br\/en\/designer\/fabio-lima\/","title":{"rendered":"F\u00e1bio Lima"},"content":{"rendered":"<p>F\u00e1bio Lima assina cria\u00e7\u00f5es que unem eleg\u00e2ncia contempor\u00e2nea e funcionalidade. Suas pe\u00e7as destacam-se pelo desenho limpo, propor\u00e7\u00f5es equilibradas e o uso criterioso de materiais, resultando em m\u00f3veis que valorizam tanto ambientes residenciais quanto corporativos. Com uma linguagem sofisticada e atemporal, F\u00e1bio Lima contribui para o cen\u00e1rio do design nacional com obras que aliam est\u00e9tica, conforto e durabilidade. Seu trabalho \u00e9 reconhecido por quem busca solu\u00e7\u00f5es de design autoral, que transformam espa\u00e7os com personalidade e bom gosto.<\/p>","protected":false},"featured_media":3446,"template":"","class_list":["post-3447","_designers_id","type-_designers_id","status-publish","has-post-thumbnail","hentry"],"_links":{"self":[{"href":"https:\/\/dedalos.ind.br\/en\/wp-json\/wp\/v2\/_designers_id\/3447","targetHints":{"allow":["GET"]}}],"collection":[{"href":"https:\/\/dedalos.ind.br\/en\/wp-json\/wp\/v2\/_designers_id"}],"about":[{"href":"https:\/\/dedalos.ind.br\/en\/wp-json\/wp\/v2\/types\/_designers_id"}],"wp:featuredmedia":[{"embeddable":true,"href":"https:\/\/dedalos.ind.br\/en\/wp-json\/wp\/v2\/media\/3446"}],"wp:attachment":[{"href":"https:\/\/dedalos.ind.br\/en\/wp-json\/wp\/v2\/media?parent=3447"}],"curies":[{"name":"wp","href":"https:\/\/api.w.org\/{rel}","templated":true}]}}

Fábio Lima

<p>Fábio Lima assina criações que unem elegância contemporânea e funcionalidade. Suas peças destacam-se pelo desenho limpo, proporções equilibradas e o uso criterioso de materiais, resultando em móveis que valorizam tanto ambientes residenciais quanto corporativos. Com uma linguagem sofisticada e atemporal, Fábio Lima contribui para o cenário do design nacional com obras que aliam estética, conforto e durabilidade. Seu trabalho é reconhecido por quem busca soluções de design autoral, que transformam espaços com personalidade e bom gosto.</p>
