{"id":3442,"date":"2025-09-25T01:28:43","date_gmt":"2025-09-25T04:28:43","guid":{"rendered":"https:\/\/dedalos.ind.br\/designer\/theo-egami\/"},"modified":"2025-09-25T01:28:43","modified_gmt":"2025-09-25T04:28:43","slug":"theo-egami","status":"publish","type":"_designers_id","link":"https:\/\/dedalos.ind.br\/es\/designer\/theo-egami\/","title":{"rendered":"Th\u00e9o Egami"},"content":{"rendered":"<p>Paranaense graduado em design de produto, p\u00f3s-graduado em gest\u00e3o estrat\u00e9gica de design, minhas atividades se iniciaram com desenvolvimento da engenharia do produto, fato que me fez conhecer o ch\u00e3o de f\u00e1brica e os processos envolvidos. O contato com pessoas que d\u00e3o vida os projetos \u00e9 um grande aprendizado e me fez criar muito respeito pela expertise de quem produz.<\/p>\n<p>Conhecer e aprender sobre os processos e ali\u00e1-los ao conhecimento acad\u00eamico \u00e9 enriquecedor e como designer me motiva a explorar novas formas para novos produtos na busca pela beleza, harmonia dos materiais, equil\u00edbrio entre forma e fun\u00e7\u00e3o, e tamb\u00e9m estimula a equiparar os interesses de quem produz com os desejos de quem consome design.<\/p>","protected":false},"featured_media":3440,"template":"","class_list":["post-3442","_designers_id","type-_designers_id","status-publish","has-post-thumbnail","hentry"],"_links":{"self":[{"href":"https:\/\/dedalos.ind.br\/es\/wp-json\/wp\/v2\/_designers_id\/3442","targetHints":{"allow":["GET"]}}],"collection":[{"href":"https:\/\/dedalos.ind.br\/es\/wp-json\/wp\/v2\/_designers_id"}],"about":[{"href":"https:\/\/dedalos.ind.br\/es\/wp-json\/wp\/v2\/types\/_designers_id"}],"wp:featuredmedia":[{"embeddable":true,"href":"https:\/\/dedalos.ind.br\/es\/wp-json\/wp\/v2\/media\/3440"}],"wp:attachment":[{"href":"https:\/\/dedalos.ind.br\/es\/wp-json\/wp\/v2\/media?parent=3442"}],"curies":[{"name":"wp","href":"https:\/\/api.w.org\/{rel}","templated":true}]}}

Théo Egami

<p>Paranaense graduado em design de produto, pós-graduado em gestão estratégica de design, minhas atividades se iniciaram com desenvolvimento da engenharia do produto, fato que me fez conhecer o chão de fábrica e os processos envolvidos. O contato com pessoas que dão vida os projetos é um grande aprendizado e me fez criar muito respeito pela expertise de quem produz.</p>
<p>Conhecer e aprender sobre os processos e aliá-los ao conhecimento acadêmico é enriquecedor e como designer me motiva a explorar novas formas para novos produtos na busca pela beleza, harmonia dos materiais, equilíbrio entre forma e função, e também estimula a equiparar os interesses de quem produz com os desejos de quem consome design.</p>
