{"id":3449,"date":"2025-09-25T01:36:57","date_gmt":"2025-09-25T04:36:57","guid":{"rendered":"https:\/\/dedalos.ind.br\/designer\/felipe-chiarello\/"},"modified":"2025-09-25T01:36:57","modified_gmt":"2025-09-25T04:36:57","slug":"felipe-chiarello","status":"publish","type":"_designers_id","link":"https:\/\/dedalos.ind.br\/es\/designer\/felipe-chiarello\/","title":{"rendered":"Felipe Chiarello"},"content":{"rendered":"<p>Felipe Chiarello \u00e9 designer por forma\u00e7\u00e3o e traz para o desenvolvimento de produtos a experi\u00eancia adquirida ao longo de sua trajet\u00f3ria nos mais diversos processos fabris. Sua abordagem alia criatividade e conhecimento t\u00e9cnico, garantindo que cada projeto explore ao m\u00e1ximo o potencial dos materiais. Para ele, o design deve caminhar lado a lado da engenharia, resultando em produtos inovadores que desafiam limites e elevam a funcionalidade sem abrir m\u00e3o da est\u00e9tica.<br \/>Busca inspira\u00e7\u00e3o no design automotivo e futurista, explorando linhas din\u00e2micas, materiais e solu\u00e7\u00f5es inovadoras. Sua paix\u00e3o por essas est\u00e9ticas reflete-se em produtos que combinam tecnologia, funcionalidade e uma identidade visual marcante, sempre em sintonia com as tend\u00eancias do futuro.<\/p>","protected":false},"featured_media":3448,"template":"","class_list":["post-3449","_designers_id","type-_designers_id","status-publish","has-post-thumbnail","hentry"],"_links":{"self":[{"href":"https:\/\/dedalos.ind.br\/es\/wp-json\/wp\/v2\/_designers_id\/3449","targetHints":{"allow":["GET"]}}],"collection":[{"href":"https:\/\/dedalos.ind.br\/es\/wp-json\/wp\/v2\/_designers_id"}],"about":[{"href":"https:\/\/dedalos.ind.br\/es\/wp-json\/wp\/v2\/types\/_designers_id"}],"wp:featuredmedia":[{"embeddable":true,"href":"https:\/\/dedalos.ind.br\/es\/wp-json\/wp\/v2\/media\/3448"}],"wp:attachment":[{"href":"https:\/\/dedalos.ind.br\/es\/wp-json\/wp\/v2\/media?parent=3449"}],"curies":[{"name":"wp","href":"https:\/\/api.w.org\/{rel}","templated":true}]}}

<p>Felipe Chiarello é designer por formação e traz para o desenvolvimento de produtos a experiência adquirida ao longo de sua trajetória nos mais diversos processos fabris. Sua abordagem alia criatividade e conhecimento técnico, garantindo que cada projeto explore ao máximo o potencial dos materiais. Para ele, o design deve caminhar lado a lado da engenharia, resultando em produtos inovadores que desafiam limites e elevam a funcionalidade sem abrir mão da estética.<br />Busca inspiração no design automotivo e futurista, explorando linhas dinâmicas, materiais e soluções inovadoras. Sua paixão por essas estéticas reflete-se em produtos que combinam tecnologia, funcionalidade e uma identidade visual marcante, sempre em sintonia com as tendências do futuro.</p>
